{"id":10310,"date":"2023-07-28T16:20:03","date_gmt":"2023-07-28T16:20:03","guid":{"rendered":"https:\/\/www.gumchemical.com\/?page_id=10310"},"modified":"2024-03-08T18:12:33","modified_gmt":"2024-03-08T18:12:33","slug":"feder-044568","status":"publish","type":"page","link":"https:\/\/www.gumchemical.com\/index.php\/homepage\/feder-044568\/?lang=pt-pt","title":{"rendered":"Feder 044568"},"content":{"rendered":"<p>[vc_row top=&#8221;100px&#8221; bottom=&#8221;100px&#8221;][vc_column][vc_single_image image=&#8221;6587&#8243; img_size=&#8221;full&#8221; css_animation=&#8221;appear&#8221;][vc_empty_space][vc_column_text css_animation=&#8221;appear&#8221;]<strong>Designa\u00e7\u00e3o do projeto<\/strong> | Fabrica\u00e7\u00e3o de derivados de terebintina &#8211; alfa e beta pineno<\/p>\n<p><strong>C\u00f3digo do projeto (NUP):<\/strong><br \/>\nCENTRO-02-0853-FEDER-044568<\/p>\n<p><strong>Objetivos da opera\u00e7\u00e3o<\/strong> | Refor\u00e7ar a competitividade das PME.<br \/>\n<strong>Regi\u00e3o de interven\u00e7\u00e3o<\/strong> | Centro<br \/>\n<strong>Entidade benefici\u00e1ria<\/strong> | GUM CHEMICAL SOLUTIONS, S.A.<\/p>\n<p><strong>Sistema de Incentivos<\/strong> | Inova\u00e7\u00e3o empresarial<\/p>\n<p><strong>Data de aprova\u00e7\u00e3o<\/strong> | 12 Agosto 2019<br \/>\n<strong>Data de in\u00edcio<\/strong> | 04 Fevereiro 2020<br \/>\n<strong>Data de conclus\u00e3o<\/strong> | 12 Fevereiro 2022<\/p>\n<p><strong>Custo total eleg\u00edvel<\/strong> | 2.448.811,64 Euros<br \/>\n<strong>Apoio financeiro da Uni\u00e3o Europeia<\/strong>\u00a0<strong>(Feder)<\/strong>| 734.643,49 Euros[\/vc_column_text][\/vc_column][\/vc_row]<\/p>\n","protected":false},"excerpt":{"rendered":"<p>[vc_row top=&#8221;100px&#8221; bottom=&#8221;100px&#8221;][vc_column][vc_single_image image=&#8221;6587&#8243; img_size=&#8221;full&#8221; css_animation=&#8221;appear&#8221;][vc_empty_space][vc_column_text css_animation=&#8221;appear&#8221;]Designa\u00e7\u00e3o do projeto | Fabrica\u00e7\u00e3o de derivados de terebintina &#8211; alfa e beta pineno C\u00f3digo do projeto (NUP): CENTRO-02-0853-FEDER-044568 Objetivos da opera\u00e7\u00e3o | Refor\u00e7ar a competitividade das PME. Regi\u00e3o de interven\u00e7\u00e3o | Centro Entidade benefici\u00e1ria | GUM CHEMICAL SOLUTIONS, S.A. Sistema de Incentivos | Inova\u00e7\u00e3o empresarial Data de aprova\u00e7\u00e3o | 12 Agosto 2019 Data de in\u00edcio | 04 Fevereiro 2020 Data de conclus\u00e3o | 12 Fevereiro 2022 Custo total&#8230;  <\/p>\n<div class=\"read-more\"><a class=\"excerpt-read-more\" href=\"https:\/\/www.gumchemical.com\/index.php\/homepage\/feder-044568\/?lang=pt-pt\" title=\"Continue reading Feder 044568\">Read more<i class=\"fa fa-angle-right\"><\/i><\/a><\/div>\n","protected":false},"author":3,"featured_media":0,"parent":8140,"menu_order":0,"comment_status":"closed","ping_status":"closed","template":"page-full-width.php","meta":{"footnotes":""},"class_list":["post-10310","page","type-page","status-publish","hentry"],"_links":{"self":[{"href":"https:\/\/www.gumchemical.com\/index.php\/wp-json\/wp\/v2\/pages\/10310","targetHints":{"allow":["GET"]}}],"collection":[{"href":"https:\/\/www.gumchemical.com\/index.php\/wp-json\/wp\/v2\/pages"}],"about":[{"href":"https:\/\/www.gumchemical.com\/index.php\/wp-json\/wp\/v2\/types\/page"}],"author":[{"embeddable":true,"href":"https:\/\/www.gumchemical.com\/index.php\/wp-json\/wp\/v2\/users\/3"}],"replies":[{"embeddable":true,"href":"https:\/\/www.gumchemical.com\/index.php\/wp-json\/wp\/v2\/comments?post=10310"}],"version-history":[{"count":4,"href":"https:\/\/www.gumchemical.com\/index.php\/wp-json\/wp\/v2\/pages\/10310\/revisions"}],"predecessor-version":[{"id":10321,"href":"https:\/\/www.gumchemical.com\/index.php\/wp-json\/wp\/v2\/pages\/10310\/revisions\/10321"}],"up":[{"embeddable":true,"href":"https:\/\/www.gumchemical.com\/index.php\/wp-json\/wp\/v2\/pages\/8140"}],"wp:attachment":[{"href":"https:\/\/www.gumchemical.com\/index.php\/wp-json\/wp\/v2\/media?parent=10310"}],"curies":[{"name":"wp","href":"https:\/\/api.w.org\/{rel}","templated":true}]}}