{"id":14241,"date":"2026-03-02T10:11:47","date_gmt":"2026-03-02T10:11:47","guid":{"rendered":"https:\/\/www.gumchemical.com\/?page_id=14241"},"modified":"2026-03-02T13:32:02","modified_gmt":"2026-03-02T13:32:02","slug":"pme-lider-2025","status":"publish","type":"page","link":"https:\/\/www.gumchemical.com\/index.php\/pme-lider-2025\/?lang=pt-pt","title":{"rendered":"PME L\u00edder 2025"},"content":{"rendered":"<p>[vc_row top=&#8221;0px&#8221; bottom=&#8221;130px&#8221; bg_color=&#8221;#fee9d3&#8243;][vc_column width=&#8221;1\/6&#8243;][\/vc_column][vc_column width=&#8221;2\/3&#8243;][vc_row_inner][vc_column_inner width=&#8221;1\/2&#8243;][vc_empty_space height=&#8221;80px&#8221;][vc_single_image image=&#8221;14240&#8243; img_size=&#8221;full&#8221; alignment=&#8221;center&#8221; css_animation=&#8221;left-to-right&#8221;][\/vc_column_inner][vc_column_inner width=&#8221;1\/2&#8243;][vc_empty_space height=&#8221;100px&#8221;][vc_single_image image=&#8221;13548&#8243; img_size=&#8221;full&#8221; onclick=&#8221;custom_link&#8221; img_link_target=&#8221;_blank&#8221; css_animation=&#8221;right-to-left&#8221; link=&#8221;https:\/\/www.gumchemical.com\/wp-content\/uploads\/2026\/03\/Certificado-PME-Lider-2025.pdf&#8221;][\/vc_column_inner][\/vc_row_inner][vc_empty_space height=&#8221;20px&#8221;][vc_column_text css_animation=&#8221;appear&#8221;]<span style=\"font-size: 18px; font-weight: 400; color: #333333;\">O estatuto <strong>PME L\u00edder<\/strong> foi lan\u00e7ado pelo <strong>IAPMEI<\/strong> em 2008, no \u00e2mbito do <strong>Programa FINCRESCE<\/strong>, com o objetivo de distinguir empresas com perfis de desempenho superiores, conferindo-lhes notoriedade e criando-lhes condi\u00e7\u00f5es otimizadas de financiamento para desenvolverem as suas estrat\u00e9gias de crescimento e de refor\u00e7o da sua base competitiva.<\/span><\/p>\n<p><span style=\"font-size: 18px; font-weight: 400; color: #333333;\">O grupo das <strong>PME L\u00edder<\/strong> que apresentem os melhores desempenhos ser\u00e1 anualmente distinguido com o <strong>estatuto de PME Excel\u00eancia<\/strong>, criando condi\u00e7\u00f5es acrescidas de visibilidade para estas empresas de perfil superior.<\/span><\/p>\n<p>&nbsp;<\/p>\n<p><span style=\"font-size: 16px; font-weight: 400; color: #333333;\">*Para fazer o download do diploma visualize o documento e grave no seu computador.<\/span>[\/vc_column_text][\/vc_column][vc_column width=&#8221;1\/6&#8243;][\/vc_column][\/vc_row]<\/p>\n","protected":false},"excerpt":{"rendered":"<p>[vc_row top=&#8221;0px&#8221; bottom=&#8221;130px&#8221; bg_color=&#8221;#fee9d3&#8243;][vc_column width=&#8221;1\/6&#8243;][\/vc_column][vc_column width=&#8221;2\/3&#8243;][vc_row_inner][vc_column_inner width=&#8221;1\/2&#8243;][vc_empty_space height=&#8221;80px&#8221;][vc_single_image image=&#8221;14240&#8243; img_size=&#8221;full&#8221; alignment=&#8221;center&#8221; css_animation=&#8221;left-to-right&#8221;][\/vc_column_inner][vc_column_inner width=&#8221;1\/2&#8243;][vc_empty_space height=&#8221;100px&#8221;][vc_single_image image=&#8221;13548&#8243; img_size=&#8221;full&#8221; onclick=&#8221;custom_link&#8221; img_link_target=&#8221;_blank&#8221; css_animation=&#8221;right-to-left&#8221; link=&#8221;https:\/\/www.gumchemical.com\/wp-content\/uploads\/2026\/03\/Certificado-PME-Lider-2025.pdf&#8221;][\/vc_column_inner][\/vc_row_inner][vc_empty_space height=&#8221;20px&#8221;][vc_column_text css_animation=&#8221;appear&#8221;]O estatuto PME L\u00edder foi lan\u00e7ado pelo IAPMEI em 2008, no \u00e2mbito do Programa FINCRESCE, com o objetivo de distinguir empresas com perfis de desempenho superiores, conferindo-lhes notoriedade e criando-lhes condi\u00e7\u00f5es otimizadas de financiamento para desenvolverem as suas estrat\u00e9gias de crescimento e de refor\u00e7o da sua base competitiva. O grupo das PME L\u00edder que&#8230;  <\/p>\n<div class=\"read-more\"><a class=\"excerpt-read-more\" href=\"https:\/\/www.gumchemical.com\/index.php\/pme-lider-2025\/?lang=pt-pt\" title=\"Continue reading PME L\u00edder 2025\">Read more<i class=\"fa fa-angle-right\"><\/i><\/a><\/div>\n","protected":false},"author":3,"featured_media":0,"parent":0,"menu_order":0,"comment_status":"closed","ping_status":"closed","template":"page-full-width.php","meta":{"footnotes":""},"class_list":["post-14241","page","type-page","status-publish","hentry"],"_links":{"self":[{"href":"https:\/\/www.gumchemical.com\/index.php\/wp-json\/wp\/v2\/pages\/14241","targetHints":{"allow":["GET"]}}],"collection":[{"href":"https:\/\/www.gumchemical.com\/index.php\/wp-json\/wp\/v2\/pages"}],"about":[{"href":"https:\/\/www.gumchemical.com\/index.php\/wp-json\/wp\/v2\/types\/page"}],"author":[{"embeddable":true,"href":"https:\/\/www.gumchemical.com\/index.php\/wp-json\/wp\/v2\/users\/3"}],"replies":[{"embeddable":true,"href":"https:\/\/www.gumchemical.com\/index.php\/wp-json\/wp\/v2\/comments?post=14241"}],"version-history":[{"count":7,"href":"https:\/\/www.gumchemical.com\/index.php\/wp-json\/wp\/v2\/pages\/14241\/revisions"}],"predecessor-version":[{"id":14249,"href":"https:\/\/www.gumchemical.com\/index.php\/wp-json\/wp\/v2\/pages\/14241\/revisions\/14249"}],"wp:attachment":[{"href":"https:\/\/www.gumchemical.com\/index.php\/wp-json\/wp\/v2\/media?parent=14241"}],"curies":[{"name":"wp","href":"https:\/\/api.w.org\/{rel}","templated":true}]}}