{"id":8163,"date":"2019-11-06T17:45:18","date_gmt":"2019-11-06T17:45:18","guid":{"rendered":"https:\/\/www.gumchemical.com\/index.php\/homepage\/elliotti-gum-rosin\/"},"modified":"2020-05-25T10:26:07","modified_gmt":"2020-05-25T10:26:07","slug":"elliotti-gum-rosin","status":"publish","type":"page","link":"https:\/\/www.gumchemical.com\/index.php\/homepage\/elliotti-gum-rosin\/?lang=pt-pt","title":{"rendered":"Elliotti gum rosin"},"content":{"rendered":"<p>[vc_row top=&#8221;200px&#8221; bottom=&#8221;80px&#8221; row_separator=&#8221;row-shadow-bottom&#8221; textalign=&#8221;left&#8221; bg_type=&#8221;image&#8221; speed=&#8221;0.30&#8243; bg_cover=&#8221;cover&#8221; bg_position=&#8221;Center center&#8221; bg_attachment=&#8221;fixed&#8221; row_mobile_style=&#8221;ipad_full_width&#8221; section_id=&#8221;Top-elliotti&#8221; bg_image=&#8221;6715&#8243;][vc_column width=&#8221;1\/4&#8243;][vc_single_image image=&#8221;6807&#8243; img_size=&#8221;full&#8221; css_animation=&#8221;appear&#8221;][vc_empty_space height=&#8221;35px&#8221;][vc_column_text]<span style=\"color: #ffffff; font-size: 16px; font-weight: 500;\">\u00c9 uma resina natural obtida por destila\u00e7\u00e3o a vapor de 100% goma bruta de <strong>Pinus elliottii vr elliottii<\/strong>. <\/span><\/p>\n<p><span style=\"color: #ffffff; font-size: 16px; font-weight: 500;\">\u00c9 um produto 100% natural, renov\u00e1vel e de origem biol\u00f3gica.<\/span><\/p>\n<p><span style=\"color: #ffffff; font-size: 16px; font-weight: 500;\">\u00c9 uma resina s\u00f3lida com uma cor amarela clara.<\/span>[\/vc_column_text][vc_empty_space height=&#8221;35px&#8221;][vc_button title=&#8221;Gama de produtos&#8221; size=&#8221;btn-medium&#8221; button_style=&#8221;minimal_style&#8221; color=&#8221;btn_white&#8221; border_radius=&#8221;hv_rounded&#8221; link=&#8221;url:%23elliotti-products|||&#8221;][vc_empty_space height=&#8221;100px&#8221;][\/vc_column][vc_column width=&#8221;3\/4&#8243;][vc_row_inner top=&#8221;0px&#8221;][vc_column_inner][vc_heading h_size=&#8221;h-large&#8221; title=&#8221;GUM ROSIN&#8221; title_color=&#8221;#ffffff&#8221; subtitle=&#8221;CADEIA DE VALOR&#8221; subtitle_color=&#8221;#ffffff&#8221;][\/vc_column_inner][\/vc_row_inner][vc_empty_space height=&#8221;10px&#8221;][vc_carousel images=&#8221;8172,8168,8170&#8243; slide_speed=&#8221;2500&#8243; autoplay=&#8221;4500&#8243; stop_hover=&#8221;true&#8221; navigation_hide=&#8221;nav-hide&#8221; style=&#8221;carousel-minimal&#8221;][\/vc_column][\/vc_row][vc_row top=&#8221;110px&#8221; bottom=&#8221;40px&#8221; row_mobile_style=&#8221;ipad_full_width&#8221; bg_color=&#8221;#efefef&#8221; section_id=&#8221;elliotti-products&#8221;][vc_column][vc_row_inner top=&#8221;0px&#8221; bottom=&#8221;0px&#8221;][vc_column_inner width=&#8221;1\/6&#8243;][vc_single_image image=&#8221;6864&#8243; img_size=&#8221;full&#8221; style=&#8221;vc_box_shadow&#8221; onclick=&#8221;custom_link&#8221; css_animation=&#8221;appear&#8221; link=&#8221;https:\/\/www.gumchemical.com\/index.php\/homepage\/elliotti-gum-rosin\/04ee\/?lang=pt-pt&#8221;][vc_empty_space height=&#8221;40px&#8221;][\/vc_column_inner][vc_column_inner width=&#8221;1\/6&#8243;][vc_single_image image=&#8221;6866&#8243; img_size=&#8221;full&#8221; alignment=&#8221;center&#8221; style=&#8221;vc_box_shadow&#8221; onclick=&#8221;custom_link&#8221; css_animation=&#8221;appear&#8221; link=&#8221;https:\/\/www.gumchemical.com\/index.php\/homepage\/elliotti-gum-rosin\/08ee\/?lang=pt-pt&#8221;][vc_empty_space height=&#8221;40px&#8221;][\/vc_column_inner][vc_column_inner width=&#8221;1\/6&#8243;][vc_single_image image=&#8221;6868&#8243; img_size=&#8221;full&#8221; alignment=&#8221;center&#8221; style=&#8221;vc_box_shadow&#8221; onclick=&#8221;custom_link&#8221; css_animation=&#8221;appear&#8221; link=&#8221;https:\/\/www.gumchemical.com\/index.php\/homepage\/elliotti-gum-rosin\/24ee\/?lang=pt-pt&#8221;][vc_empty_space height=&#8221;40px&#8221;][\/vc_column_inner][vc_column_inner width=&#8221;1\/6&#8243;][vc_single_image image=&#8221;6870&#8243; img_size=&#8221;full&#8221; style=&#8221;vc_box_shadow&#8221; onclick=&#8221;custom_link&#8221; css_animation=&#8221;appear&#8221; link=&#8221;https:\/\/www.gumchemical.com\/index.php\/homepage\/elliotti-gum-rosin\/40ee\/?lang=pt-pt&#8221;][vc_empty_space height=&#8221;40px&#8221;][\/vc_column_inner][vc_column_inner width=&#8221;1\/6&#8243;][vc_single_image image=&#8221;6872&#8243; img_size=&#8221;full&#8221; style=&#8221;vc_box_shadow&#8221; onclick=&#8221;custom_link&#8221; css_animation=&#8221;appear&#8221; link=&#8221;https:\/\/www.gumchemical.com\/index.php\/homepage\/elliotti-gum-rosin\/70ee\/?lang=pt-pt&#8221;][vc_empty_space height=&#8221;40px&#8221;][\/vc_column_inner][vc_column_inner width=&#8221;1\/6&#8243;][vc_single_image image=&#8221;6874&#8243; img_size=&#8221;full&#8221; style=&#8221;vc_box_shadow&#8221; onclick=&#8221;custom_link&#8221; css_animation=&#8221;appear&#8221; link=&#8221;https:\/\/www.gumchemical.com\/index.php\/homepage\/elliotti-gum-rosin\/72ee\/?lang=pt-pt&#8221;][vc_empty_space height=&#8221;40px&#8221;][\/vc_column_inner][\/vc_row_inner][vc_row_inner top=&#8221;0px&#8221; bottom=&#8221;0px&#8221;][vc_column_inner width=&#8221;1\/6&#8243;][vc_single_image image=&#8221;6876&#8243; img_size=&#8221;full&#8221; style=&#8221;vc_box_shadow&#8221; onclick=&#8221;custom_link&#8221; css_animation=&#8221;appear&#8221; link=&#8221;https:\/\/www.gumchemical.com\/index.php\/homepage\/elliotti-gum-rosin\/73ee\/?lang=pt-pt&#8221;][vc_empty_space height=&#8221;40px&#8221;][\/vc_column_inner][vc_column_inner width=&#8221;1\/6&#8243;][vc_single_image image=&#8221;6878&#8243; img_size=&#8221;full&#8221; style=&#8221;vc_box_shadow&#8221; onclick=&#8221;custom_link&#8221; css_animation=&#8221;appear&#8221; link=&#8221;https:\/\/www.gumchemical.com\/index.php\/homepage\/elliotti-gum-rosin\/74ee\/?lang=pt-pt&#8221;][vc_empty_space height=&#8221;40px&#8221;][\/vc_column_inner][vc_column_inner width=&#8221;1\/6&#8243;][\/vc_column_inner][vc_column_inner width=&#8221;1\/6&#8243;][\/vc_column_inner][vc_column_inner width=&#8221;1\/6&#8243;][\/vc_column_inner][vc_column_inner width=&#8221;1\/6&#8243;][\/vc_column_inner][\/vc_row_inner][\/vc_column][\/vc_row][vc_row top=&#8221;0px&#8221; bottom=&#8221;110px&#8221; row_show_on=&#8221;hide_mobile_portrait&#8221; bg_color=&#8221;#efefef&#8221;][vc_column][vc_single_image image=&#8221;8218&#8243; img_size=&#8221;large&#8221; onclick=&#8221;custom_link&#8221; link=&#8221;https:\/\/www.gumchemical.com\/index.php\/homepage\/support\/?lang=pt-pt&#8221;][\/vc_column][\/vc_row]<\/p>\n","protected":false},"excerpt":{"rendered":"<p>[vc_row top=&#8221;200px&#8221; bottom=&#8221;80px&#8221; row_separator=&#8221;row-shadow-bottom&#8221; textalign=&#8221;left&#8221; bg_type=&#8221;image&#8221; speed=&#8221;0.30&#8243; bg_cover=&#8221;cover&#8221; bg_position=&#8221;Center center&#8221; bg_attachment=&#8221;fixed&#8221; row_mobile_style=&#8221;ipad_full_width&#8221; section_id=&#8221;Top-elliotti&#8221; bg_image=&#8221;6715&#8243;][vc_column width=&#8221;1\/4&#8243;][vc_single_image image=&#8221;6807&#8243; img_size=&#8221;full&#8221; css_animation=&#8221;appear&#8221;][vc_empty_space height=&#8221;35px&#8221;][vc_column_text]\u00c9 uma resina natural obtida por destila\u00e7\u00e3o a vapor de 100% goma bruta de Pinus elliottii vr elliottii. \u00c9 um produto 100% natural, renov\u00e1vel e de origem biol\u00f3gica. \u00c9 uma resina s\u00f3lida com uma cor amarela clara.[\/vc_column_text][vc_empty_space height=&#8221;35px&#8221;][vc_button title=&#8221;Gama de produtos&#8221; size=&#8221;btn-medium&#8221; button_style=&#8221;minimal_style&#8221; color=&#8221;btn_white&#8221; border_radius=&#8221;hv_rounded&#8221; link=&#8221;url:%23elliotti-products|||&#8221;][vc_empty_space height=&#8221;100px&#8221;][\/vc_column][vc_column width=&#8221;3\/4&#8243;][vc_row_inner top=&#8221;0px&#8221;][vc_column_inner][vc_heading h_size=&#8221;h-large&#8221; title=&#8221;GUM ROSIN&#8221; title_color=&#8221;#ffffff&#8221; subtitle=&#8221;CADEIA DE VALOR&#8221; subtitle_color=&#8221;#ffffff&#8221;][\/vc_column_inner][\/vc_row_inner][vc_empty_space&#8230;  <\/p>\n<div class=\"read-more\"><a class=\"excerpt-read-more\" href=\"https:\/\/www.gumchemical.com\/index.php\/homepage\/elliotti-gum-rosin\/?lang=pt-pt\" title=\"Continue reading Elliotti gum rosin\">Read more<i class=\"fa fa-angle-right\"><\/i><\/a><\/div>\n","protected":false},"author":3,"featured_media":0,"parent":8140,"menu_order":0,"comment_status":"closed","ping_status":"closed","template":"page-full-width.php","meta":{"footnotes":""},"class_list":["post-8163","page","type-page","status-publish","hentry"],"_links":{"self":[{"href":"https:\/\/www.gumchemical.com\/index.php\/wp-json\/wp\/v2\/pages\/8163","targetHints":{"allow":["GET"]}}],"collection":[{"href":"https:\/\/www.gumchemical.com\/index.php\/wp-json\/wp\/v2\/pages"}],"about":[{"href":"https:\/\/www.gumchemical.com\/index.php\/wp-json\/wp\/v2\/types\/page"}],"author":[{"embeddable":true,"href":"https:\/\/www.gumchemical.com\/index.php\/wp-json\/wp\/v2\/users\/3"}],"replies":[{"embeddable":true,"href":"https:\/\/www.gumchemical.com\/index.php\/wp-json\/wp\/v2\/comments?post=8163"}],"version-history":[{"count":12,"href":"https:\/\/www.gumchemical.com\/index.php\/wp-json\/wp\/v2\/pages\/8163\/revisions"}],"predecessor-version":[{"id":8206,"href":"https:\/\/www.gumchemical.com\/index.php\/wp-json\/wp\/v2\/pages\/8163\/revisions\/8206"}],"up":[{"embeddable":true,"href":"https:\/\/www.gumchemical.com\/index.php\/wp-json\/wp\/v2\/pages\/8140"}],"wp:attachment":[{"href":"https:\/\/www.gumchemical.com\/index.php\/wp-json\/wp\/v2\/media?parent=8163"}],"curies":[{"name":"wp","href":"https:\/\/api.w.org\/{rel}","templated":true}]}}