{"id":8231,"date":"2020-03-04T10:47:44","date_gmt":"2020-03-04T10:47:44","guid":{"rendered":"https:\/\/www.gumchemical.com\/index.php\/homepage\/special-gum-rosin\/"},"modified":"2020-05-25T11:05:03","modified_gmt":"2020-05-25T11:05:03","slug":"special-gum-rosin","status":"publish","type":"page","link":"https:\/\/www.gumchemical.com\/index.php\/homepage\/special-gum-rosin\/?lang=pt-pt","title":{"rendered":"special gum rosin"},"content":{"rendered":"<p>[vc_row top=&#8221;220px&#8221; bottom=&#8221;80px&#8221; row_separator=&#8221;row-shadow-bottom&#8221; bg_type=&#8221;image&#8221; speed=&#8221;0.35&#8243; bg_cover=&#8221;cover&#8221; bg_position=&#8221;Center center&#8221; bg_attachment=&#8221;fixed&#8221; section_id=&#8221;top-special&#8221; bg_image=&#8221;6714&#8243;][vc_column width=&#8221;1\/4&#8243;][vc_single_image image=&#8221;7421&#8243; img_size=&#8221;full&#8221; css_animation=&#8221;appear&#8221;][vc_empty_space height=&#8221;35px&#8221;][vc_column_text]<span style=\"color: #ffffff;\">\u00c9 uma resina natural obtida por destila\u00e7\u00e3o a vapor de 100% goma bruta de <strong>Pinus elliottii vr elliottii<\/strong>.<\/span><\/p>\n<p><span style=\"color: #ffffff;\">\u00c9 um produto 100% natural, renov\u00e1vel e de origem biol\u00f3gica.<\/span><\/p>\n<p><span style=\"color: #ffffff;\">Estas gomas de resina s\u00e3o destiladas para o uso especial na formula\u00e7\u00e3o de solu\u00e7\u00f5es aquosas ou especialmente fabricadas para uso em formula\u00e7\u00f5es \u00e0 base de solventes.<\/span><\/p>\n<p><span style=\"color: #ffffff;\">\u00c9 uma resina s\u00f3lida com uma cor amarela clara.<\/span>[\/vc_column_text][vc_empty_space height=&#8221;35px&#8221;][vc_button title=&#8221;gama de produtos&#8221; size=&#8221;btn-medium&#8221; button_style=&#8221;minimal_style&#8221; color=&#8221;btn_white&#8221; border_radius=&#8221;hv_rounded&#8221; link=&#8221;url:%23special-products|||&#8221;][vc_empty_space height=&#8221;100px&#8221;][\/vc_column][vc_column width=&#8221;3\/4&#8243;][vc_row_inner top=&#8221;0px&#8221;][vc_column_inner][vc_heading h_size=&#8221;h-large&#8221; title=&#8221;GUM ROSIN&#8221; title_color=&#8221;#ffffff&#8221; subtitle=&#8221;cadeia de valor&#8221; subtitle_color=&#8221;#ffffff&#8221;][\/vc_column_inner][\/vc_row_inner][vc_empty_space height=&#8221;10px&#8221;][vc_carousel images=&#8221;8172,8168,8170&#8243; slide_speed=&#8221;1500&#8243; autoplay=&#8221;2500&#8243; stop_hover=&#8221;true&#8221; navigation_hide=&#8221;nav-hide&#8221; style=&#8221;carousel-minimal&#8221;][\/vc_column][\/vc_row][vc_row top=&#8221;110px&#8221; bottom=&#8221;40px&#8221; section_id=&#8221;special-products&#8221; bg_color=&#8221;#efefef&#8221;][vc_column][vc_row_inner top=&#8221;0px&#8221; bottom=&#8221;0px&#8221;][vc_column_inner width=&#8221;1\/6&#8243;][vc_single_image image=&#8221;7426&#8243; img_size=&#8221;full&#8221; style=&#8221;vc_box_shadow&#8221; onclick=&#8221;custom_link&#8221; css_animation=&#8221;appear&#8221; link=&#8221;https:\/\/www.gumchemical.com\/index.php\/homepage\/special-gum-rosin\/04see\/?lang=pt-pt&#8221;][vc_empty_space height=&#8221;40px&#8221;][\/vc_column_inner][vc_column_inner width=&#8221;1\/6&#8243;][vc_single_image image=&#8221;7428&#8243; img_size=&#8221;medium&#8221; style=&#8221;vc_box_shadow&#8221; onclick=&#8221;custom_link&#8221; css_animation=&#8221;appear&#8221; link=&#8221;https:\/\/www.gumchemical.com\/index.php\/homepage\/special-gum-rosin\/24aee\/?lang=pt-pt&#8221;][vc_empty_space height=&#8221;40px&#8221;][\/vc_column_inner][vc_column_inner width=&#8221;1\/6&#8243;][\/vc_column_inner][vc_column_inner width=&#8221;1\/6&#8243;][\/vc_column_inner][vc_column_inner width=&#8221;1\/6&#8243;][\/vc_column_inner][vc_column_inner width=&#8221;1\/6&#8243;][\/vc_column_inner][\/vc_row_inner][\/vc_column][\/vc_row][vc_row top=&#8221;0px&#8221; bottom=&#8221;110px&#8221; row_show_on=&#8221;hide_mobile_portrait&#8221; bg_color=&#8221;#efefef&#8221;][vc_column][vc_single_image image=&#8221;8218&#8243; img_size=&#8221;large&#8221; onclick=&#8221;custom_link&#8221; link=&#8221;https:\/\/www.gumchemical.com\/index.php\/homepage\/support\/?lang=pt-pt&#8221;][\/vc_column][\/vc_row]<\/p>\n","protected":false},"excerpt":{"rendered":"<p>[vc_row top=&#8221;220px&#8221; bottom=&#8221;80px&#8221; row_separator=&#8221;row-shadow-bottom&#8221; bg_type=&#8221;image&#8221; speed=&#8221;0.35&#8243; bg_cover=&#8221;cover&#8221; bg_position=&#8221;Center center&#8221; bg_attachment=&#8221;fixed&#8221; section_id=&#8221;top-special&#8221; bg_image=&#8221;6714&#8243;][vc_column width=&#8221;1\/4&#8243;][vc_single_image image=&#8221;7421&#8243; img_size=&#8221;full&#8221; css_animation=&#8221;appear&#8221;][vc_empty_space height=&#8221;35px&#8221;][vc_column_text]\u00c9 uma resina natural obtida por destila\u00e7\u00e3o a vapor de 100% goma bruta de Pinus elliottii vr elliottii. \u00c9 um produto 100% natural, renov\u00e1vel e de origem biol\u00f3gica. Estas gomas de resina s\u00e3o destiladas para o uso especial na formula\u00e7\u00e3o de solu\u00e7\u00f5es aquosas ou especialmente fabricadas para uso em formula\u00e7\u00f5es \u00e0 base de solventes. \u00c9 uma resina s\u00f3lida com&#8230;  <\/p>\n<div class=\"read-more\"><a class=\"excerpt-read-more\" href=\"https:\/\/www.gumchemical.com\/index.php\/homepage\/special-gum-rosin\/?lang=pt-pt\" title=\"Continue reading special gum rosin\">Read more<i class=\"fa fa-angle-right\"><\/i><\/a><\/div>\n","protected":false},"author":3,"featured_media":0,"parent":8140,"menu_order":0,"comment_status":"closed","ping_status":"closed","template":"page-full-width.php","meta":{"footnotes":""},"class_list":["post-8231","page","type-page","status-publish","hentry"],"_links":{"self":[{"href":"https:\/\/www.gumchemical.com\/index.php\/wp-json\/wp\/v2\/pages\/8231","targetHints":{"allow":["GET"]}}],"collection":[{"href":"https:\/\/www.gumchemical.com\/index.php\/wp-json\/wp\/v2\/pages"}],"about":[{"href":"https:\/\/www.gumchemical.com\/index.php\/wp-json\/wp\/v2\/types\/page"}],"author":[{"embeddable":true,"href":"https:\/\/www.gumchemical.com\/index.php\/wp-json\/wp\/v2\/users\/3"}],"replies":[{"embeddable":true,"href":"https:\/\/www.gumchemical.com\/index.php\/wp-json\/wp\/v2\/comments?post=8231"}],"version-history":[{"count":6,"href":"https:\/\/www.gumchemical.com\/index.php\/wp-json\/wp\/v2\/pages\/8231\/revisions"}],"predecessor-version":[{"id":8683,"href":"https:\/\/www.gumchemical.com\/index.php\/wp-json\/wp\/v2\/pages\/8231\/revisions\/8683"}],"up":[{"embeddable":true,"href":"https:\/\/www.gumchemical.com\/index.php\/wp-json\/wp\/v2\/pages\/8140"}],"wp:attachment":[{"href":"https:\/\/www.gumchemical.com\/index.php\/wp-json\/wp\/v2\/media?parent=8231"}],"curies":[{"name":"wp","href":"https:\/\/api.w.org\/{rel}","templated":true}]}}