{"id":8426,"date":"2020-03-05T12:50:41","date_gmt":"2020-03-05T12:50:41","guid":{"rendered":"https:\/\/www.gumchemical.com\/index.php\/homepage\/gum-turpentine\/oilpp\/"},"modified":"2020-05-25T10:52:04","modified_gmt":"2020-05-25T10:52:04","slug":"oilpp","status":"publish","type":"page","link":"https:\/\/www.gumchemical.com\/index.php\/homepage\/gum-turpentine\/oilpp\/?lang=pt-pt","title":{"rendered":"OILPP"},"content":{"rendered":"<p>[vc_row top=&#8221;150px&#8221; bottom=&#8221;100px&#8221; row_separator=&#8221;row-shadow-bottom&#8221; bg_type=&#8221;image&#8221; speed=&#8221;0.35&#8243; bg_cover=&#8221;cover&#8221; bg_position=&#8221;Center center&#8221; bg_attachment=&#8221;fixed&#8221; bg_image=&#8221;6714&#8243;][vc_column width=&#8221;1\/4&#8243;][vc_single_image image=&#8221;7518&#8243; img_size=&#8221;medium&#8221;][vc_column_text]<span style=\"color: #ffffff;\"><strong>Gum<\/strong> TURPENTINE <strong>OIL PP<\/strong> \u00e9 um l\u00edquido incolor, uma mistura de hidrocarbonetos da fam\u00edlia dos terpenos, obtido a partir de <strong>Pinus pinaster<\/strong> oleorresina por destila\u00e7\u00e3o a vapor.<\/span><\/p>\n<p><span style=\"color: #ffffff;\"><strong>CARACTER\u00cdSTICAS<\/strong><\/span><br \/>\n<span style=\"color: #ffffff;\">L\u00edquido incolor.<\/span><\/p>\n<p><span style=\"color: #ffffff;\"><strong>A Terebintina \u00e9 sol\u00favel em:<\/strong> <\/span><br \/>\n<span style=\"color: #ffffff;\">Arom\u00e1ticos, alif\u00e1ticos, \u00e1lcoois, \u00e9steres e cetonas.<\/span><br \/>\n<span style=\"color: #ffffff;\">A Terebintina n\u00e3o se mistura com a \u00e1gua.<\/span><\/p>\n<p><span style=\"color: #ffffff;\"><strong>APLICA\u00c7\u00d5ES<\/strong><\/span><br \/>\n<span style=\"color: #ffffff;\">Como solvente; Como mat\u00e9ria-prima no fabrico de fragr\u00e2ncias para perfume; Na produ\u00e7\u00e3o de \u00f3leo de pinho; Como mat\u00e9ria-prima na produ\u00e7\u00e3o de resinas politerp\u00e9nicas.<\/span><\/p>\n<p><span style=\"color: #ffffff;\"><strong>FORMAS DE FORNECIMENTO<\/strong><\/span><br \/>\n<span style=\"color: #ffffff;\">L\u00edquido: em IBC, isotanque e tambores.<\/span><\/p>\n<p><span style=\"color: #ffffff;\"><strong>VALIDADE<\/strong><\/span><br \/>\n<span style=\"color: #ffffff;\">Seis meses em condi\u00e7\u00f5es normais de armazenamento.<br \/>\n<\/span>[\/vc_column_text][\/vc_column][vc_column width=&#8221;3\/4&#8243;][vc_empty_space height=&#8221;36px&#8221;][vc_single_image image=&#8221;8420&#8243; img_size=&#8221;large&#8221; css_animation=&#8221;appear&#8221;][vc_single_image image=&#8221;8212&#8243; img_size=&#8221;full&#8221; onclick=&#8221;custom_link&#8221; link=&#8221;https:\/\/www.gumchemical.com\/index.php\/homepage\/support\/?lang=pt-pt&#8221;][\/vc_column][\/vc_row]<\/p>\n","protected":false},"excerpt":{"rendered":"<p>[vc_row top=&#8221;150px&#8221; bottom=&#8221;100px&#8221; row_separator=&#8221;row-shadow-bottom&#8221; bg_type=&#8221;image&#8221; speed=&#8221;0.35&#8243; bg_cover=&#8221;cover&#8221; bg_position=&#8221;Center center&#8221; bg_attachment=&#8221;fixed&#8221; bg_image=&#8221;6714&#8243;][vc_column width=&#8221;1\/4&#8243;][vc_single_image image=&#8221;7518&#8243; img_size=&#8221;medium&#8221;][vc_column_text]Gum TURPENTINE OIL PP \u00e9 um l\u00edquido incolor, uma mistura de hidrocarbonetos da fam\u00edlia dos terpenos, obtido a partir de Pinus pinaster oleorresina por destila\u00e7\u00e3o a vapor. CARACTER\u00cdSTICAS L\u00edquido incolor. A Terebintina \u00e9 sol\u00favel em: Arom\u00e1ticos, alif\u00e1ticos, \u00e1lcoois, \u00e9steres e cetonas. A Terebintina n\u00e3o se mistura com a \u00e1gua. APLICA\u00c7\u00d5ES Como solvente; Como mat\u00e9ria-prima no fabrico de fragr\u00e2ncias para perfume; Na produ\u00e7\u00e3o&#8230;  <\/p>\n<div class=\"read-more\"><a class=\"excerpt-read-more\" href=\"https:\/\/www.gumchemical.com\/index.php\/homepage\/gum-turpentine\/oilpp\/?lang=pt-pt\" title=\"Continue reading OILPP\">Read more<i class=\"fa fa-angle-right\"><\/i><\/a><\/div>\n","protected":false},"author":3,"featured_media":0,"parent":8256,"menu_order":0,"comment_status":"closed","ping_status":"closed","template":"page-full-width.php","meta":{"footnotes":""},"class_list":["post-8426","page","type-page","status-publish","hentry"],"_links":{"self":[{"href":"https:\/\/www.gumchemical.com\/index.php\/wp-json\/wp\/v2\/pages\/8426","targetHints":{"allow":["GET"]}}],"collection":[{"href":"https:\/\/www.gumchemical.com\/index.php\/wp-json\/wp\/v2\/pages"}],"about":[{"href":"https:\/\/www.gumchemical.com\/index.php\/wp-json\/wp\/v2\/types\/page"}],"author":[{"embeddable":true,"href":"https:\/\/www.gumchemical.com\/index.php\/wp-json\/wp\/v2\/users\/3"}],"replies":[{"embeddable":true,"href":"https:\/\/www.gumchemical.com\/index.php\/wp-json\/wp\/v2\/comments?post=8426"}],"version-history":[{"count":4,"href":"https:\/\/www.gumchemical.com\/index.php\/wp-json\/wp\/v2\/pages\/8426\/revisions"}],"predecessor-version":[{"id":8671,"href":"https:\/\/www.gumchemical.com\/index.php\/wp-json\/wp\/v2\/pages\/8426\/revisions\/8671"}],"up":[{"embeddable":true,"href":"https:\/\/www.gumchemical.com\/index.php\/wp-json\/wp\/v2\/pages\/8256"}],"wp:attachment":[{"href":"https:\/\/www.gumchemical.com\/index.php\/wp-json\/wp\/v2\/media?parent=8426"}],"curies":[{"name":"wp","href":"https:\/\/api.w.org\/{rel}","templated":true}]}}